n factor of a and w.
4
Let c = 23 + -20. What is the greatest common divisor of 21 and c?
3
Suppose 0 = 3*l - 2 - 10. Let p(c) = 2*c**3 - 2*c**2 - 2*c - 2. Let k be p(3). What is the highest common divisor of k and l?
4
Let j(m) = 26*m**2 + 2*m - 1. Let c be j(1). What is the greatest common factor of 18 and c?
9
Let d be (-1)/3 + 579/9. Calculate the greatest common divisor of 8 and d.
8
Let m be 2/(-3) + (-28)/21. Let d(a) be the first derivative of 4*a**3/3 + a**2 + a + 2. Let z be d(m). What is the greatest common divisor of 117 and z?
13
Suppose -4*o + 6*o - 98 = 0. Calculate the greatest common factor of 392 and o.
49
Let u = 1492 - 662. Suppose 0 = 6*z - 3*z + j - 482, 5*j + u = 5*z. Calculate the greatest common divisor of z and 18.
18
Let o = 2 + 9. Let t(v) = -v**3 - 4*v**2 + 3*v + 1. Let r = 6 - 11. Let c be t(r). What is the highest common factor of c and o?
11
Suppose -4 = -f - 1. Suppose 3*x + 2*k + 13 - 285 = 0, 3*x + f*k - 273 = 0. Let l(d) = 13*d - 3. Let o be l(3). What is the highest common divisor of x and o?
18
Let y(o) = o**3 + 6*o**2 - o + 2. Let t be y(-6). What is the highest common factor of 32 and t?
8
Let u = -9 + 99. Calculate the highest common divisor of 18 and u.
18
Let z(p) = p - 2. Let o be z(4). Suppose -2 = -o*v - 4. Let h = 2 + v. Calculate the greatest common factor of 2 and h.
1
Let c = -6 + 19. What is the highest common divisor of c and 26?
13
Let t(b) = 4*b**2 + 3*b + 3. Let y be t(6). What is the highest common factor of 15 and y?
15
Let c be 14/(-49) - 7/(98/(-1236)). What is the highest common factor of c and 33?
11
Let t = 6 - 7. Let l(z) = -z**3 - z**2 + 3*z + 3. Let a be l(-2). Let r be (a/3)/(t/(-9)). Calculate the highest common factor of 27 and r.
3
Let i be -2*11*(-5)/10. Let r = 6 - 4. Let x be 1/2*121*r. What is the greatest common factor of i and x?
11
Let c be 22 + (-4)/(-3 - -1). Let x be (-20)/30*48/(-2). Calculate the highest common factor of c and x.
8
Suppose -5*d + 113 = -t, 2*d - 3*t = -t + 50. What is the highest common divisor of 33 and d?
11
Suppose -3*t - u = t - 15, u + 1 = 0. Suppose -s + t*s - 99 = 0. Calculate the greatest common divisor of s and 11.
11
Let j(q) = -q**3 + 5*q**2 + 3*q + 4. Let b be j(4). Let x = b + -45. Let f = 24 + x. What is the greatest common divisor of 11 and f?
11
Let y = -176 - -103. Let m be (y*1)/((-3)/6). Let z = -92 + m. Calculate the greatest common factor of z and 18.
18
Suppose 85 = 9*y - 50. Suppose f = 4*f - 135. What is the greatest common divisor of y and f?
15
Suppose 4*j = j + 3, 2*r + j = 61. Let g = 29 + -9. Calculate the greatest common divisor of g and r.
10
Suppose -3 = -q, -c + 3*q = -0*c - 1. Let n(o) = o**2 + 10*o - 35. Let t be n(-13). What is the highest common factor of t and c?
2
Suppose l - 5 = -2*t + 43, -4*t + 92 = l. Suppose t + 28 = 5*h. Let o be ((-126)/105)/(6/(-20)). What is the greatest common divisor of h and o?
2
Let d = -3 + 5. Let m be (-1148)/(-8) + (-1)/d. Let r = 9 + 4. Calculate the greatest common factor of r and m.
13
Suppose 2*m = 3*x - 2*m - 233, 0 = 5*x + 5*m - 400. Let z = x + -47. What is the highest common divisor of z and 4?
4
Let r be 3/((0 - 1) + 4). Suppose -4*j = -7 - r. Suppose 0 = -2*v - 2*z - 6, 5*z = -j*v + 4*v - 29. Calculate the greatest common divisor of v and 14.
2
Let z(x) = -x**2 - 6*x + 1. Let b be z(-5). Suppose 5*s = 2 - 12. Let u be (2 - 1)/(s/(-132)). Calculate the greatest common factor of u and b.
6
Let g(u) = 7*u - 11. Let l be g(8). Suppose -54 = -3*h - 3*z, 2*h - 7*z = -4*z + 36. What is the highest common factor of l and h?
9
Suppose -7 = -2*k + 97. Let o be (18/4)/(15/100). Let l = k - o. Calculate the highest common factor of l and 2.
2
Let m(b) = -b**3 + 6*b**2 - 6. Let u be m(5). Suppose u = l - 0. Calculate the greatest common factor of l and 19.
19
Let u(b) = -4*b + 6. Let y be u(5). Let q = 23 + y. What is the highest common divisor of 9 and q?
9
Suppose -2*b = 3*b - 50. Suppose 0 = 2*o + h - 159, 2*h = -2*o + 107 + 51. Calculate the greatest common divisor of b and o.
10
Let k(g) = -8*g**3 + g**2 + 2*g - 1. Let c be k(-2). Let a = 93 - c. Let y be ((-4)/6)/(-3 + 176/60). Calculate the greatest common factor of a and y.
10
Let l(i) = -150*i**3 - i + 1. Let t be l(1). Let d be (-6)/9*t/4. What is the highest common divisor of d and 25?
25
Suppose -4*g + o + 5 = 0, g + 5*o - 3 = -28. Suppose g = 2*h - 2*a - 56, -h + 77 = 2*h + 4*a. What is the greatest common divisor of 3 and h?
3
Let n = 88 - 58. Let b(k) = -k + 2. Let m be -12*((-32)/12)/(-4). Let j be b(m). Calculate the highest common divisor of n and j.
10
Let d = -8 + 6. Let f be 23 + 1/(d/6). Suppose 0 = -5*k + 10 + 190. Calculate the highest common divisor of f and k.
20
Let p = 7 - 4. Suppose -p = -y, 5*w + 17 = 6*w + 5*y. Suppose 5*b - 282 = 4*j, w*b + 0*b = -5*j + 93. What is the greatest common divisor of 6 and b?
6
Let w = 19 + -10. Let n be (-2 - -7*1) + -1. Suppose -n*c = -3*l - 282, -6 = -3*l - 0. What is the greatest common divisor of w and c?
9
Suppose 20 + 35 = 5*d. Calculate the highest common factor of 44 and d.
11
Let i = 23 - 15. Let n be (-2)/(i/(-20)) - 3. Calculate the greatest common divisor of 5 and n.
1
Suppose -2*x + 4 = f - 89, 3*f - 9 = 0. What is the greatest common divisor of x and 15?
15
Let w(u) = u**2 + 11*u - 6. Suppose c = -g - 8, 5*c - 4*g + 48 = -28. Let z be w(c). Calculate the greatest common factor of z and 48.
6
Suppose -o - 12 = -2*x + 4*o, 0 = -5*x + 3*o + 49. Let p(k) = 2*k**2 + 6*k - 1. Let y be p(4). Calculate the greatest common factor of y and x.
11
Let n = -1 - -1. Suppose n = -i + 1. Calculate the greatest common divisor of 6 and i.
1
Suppose -z + 34 = 3*t + t, -2*z = t - 54. What is the greatest common divisor of z and 2?
2
Let f(d) = 2*d + 3 - 4*d + 4*d - 3*d. Let z be f(-6). Calculate the greatest common factor of 72 and z.
9
Suppose 5*x = -3*l + 3389, -x = -0*l + 2*l - 2257. Let j be 1/3 + l/18. Calculate the highest common factor of j and 42.
21
Let y = -141 - -144. What is the highest common divisor of 3 and y?
3
Let t(v) = -3*v - 40. Let c be t(-22). Calculate the highest common divisor of 26 and c.
26
Suppose 0 = 5*c - 55 - 0. What is the greatest common factor of c and 55?
11
Suppose v + 25 = 6*v. Suppose -v*f - 73 = 4*k - 5*k, 0 = k + 3*f - 97. Calculate the highest common divisor of 11 and k.
11
Suppose 3*j + j - 200 = 0. Suppose -4*g + 7*g - 12 = 0, -3*o - 5*g + j = 0. What is the highest common divisor of o and 50?
10
Let p be 3 - (2 + (3 - 2)). Suppose -3*y + 21 = -p*y. Calculate the greatest common factor of y and 1.
1
Suppose 0 = j - 2*j + 44. Let w = j - 30. Suppose -3*c = -5*c + 56. What is the greatest common divisor of c and w?
14
Let a be (6/4)/((-12)/(-32)). Let x(j) = -j**3 + 6*j**2 - 4. Let s be x(a). What is the greatest common divisor of 42 and s?
14
Let a be 594/42 - 2/14. Let j(u) = u**2 - 12*u - 18. Let n be j(a). Calculate the highest common factor of n and 10.
10
Suppose l - 48 = -2*l. Let z(k) = k**3 - 54*k**2 - 170*k + 23. Let s be z(57). What is the greatest common factor of l and s?
16
Let m(b) = -b + 14. Let x be m(0). Let z = x + 1. Calculate the highest common factor of 3 and z.
3
Suppose 3*q = 5 + 22. Let l = 110 + q. Let b = -69 + l. Calculate the highest common divisor of b and 10.
10
Suppose -2*i + 0*i = -j + 313, -2*j - 4*i + 618 = 0. Suppose 187 = 3*n - 2*x + 4*x, 0 = -5*n - 4*x + j. What is the highest common divisor of 42 and n?
21
Let z be (4/(-5))/(2/10). Let x(q) = -34*q + 2. Let t be x(1). Let j be (-15)/z*t/(-4). What is the highest common divisor of 75 and j?
15
Let h(m) = m**2 + 6*m + 6. Let k be h(-5). Let t be 0/(k*(-3 - -2)). Suppose -4*x - 27 + 75 = t. Calculate the greatest common divisor of 36 and x.
12
Suppose -3*f = -6*f, 40 = 5*p + f. What is the greatest common factor of 2 and p?
2
Suppose o = -0 + 2. Suppose -3*z + 92 = o. Calculate the highest common factor of 6 and z.
6
Let p = 28 + -16. Suppose -f = -0*f + p. Let r be ((-15)/f)/((-1)/(-8)). Calculate the greatest common factor of r and 40.
10
Suppose c + 4*c = 2*b - 35, 0 = b - 5*c - 30. Let w = -4 + 3. Let n = w + b. Calculate the greatest common divisor of n and 2.
2
Suppose 6 = 4*x - 2*x. Suppose 2*j - o - 11 = 0, x*o = j - 0*o - 8. Suppose -q